l be 0/(-1) - (-11 + 9). Let u(i) = -3*i**l + 7*i + 2*i**m - 89 + 85. Determine u(6).
2
Let l(o) = -7*o**3 - 25*o**2 - 6*o + 45. Let c(t) = -20*t**3 - 73*t**2 - 17*t + 131. Let v(a) = 6*c(a) - 17*l(a). Calculate v(-13).
21
Let m(n) = -n**3 + n**2 - n. Let c(f) = -4*f**3 + 6*f**2 - f - 4. Let r = -12 - -13. Let g(d) = r*c(d) - 3*m(d). Let z = -5 + 9. Calculate g(z).
-12
Let s(h) = -h**2 - 1. Let k(l) = 5*l**2 - 3*l + 10. Let c be 6/8 - (-57)/4. Let t be 5/2*36/c. Let p(a) = t*s(a) + k(a). Calculate p(-3).
4
Let a(o) be the first derivative of -13*o**2/2 + o + 1. Let f(c) = 14*c - 1. Suppose 40 = -6*q - 4*q. Let r(m) = q*a(m) - 3*f(m). Calculate r(-1).
-11
Let l(q) be the first derivative of q**2/2 + 10*q - 2. Let f = 536 + -536. Calculate l(f).
10
Let o(p) = -p**2 - 4*p + 98. Let h be o(-12). Let x(i) = i**2 - 3*i. Determine x(h).
-2
Suppose 0 = -0*z + 2*z - 8. Suppose -3 = 5*q - 2*q, -3*q - z = -h. Let c(n) = 8 - h - 41*n + 1 + 42*n. Give c(-5).
3
Let k(b) = -4*b**3 + 12*b**2 + 7*b + 1. Let d(f) = -f**3 + f**2 - 1. Let m(t) = -5*d(t) + k(t). What is m(-6)?
0
Let n(v) = -5*v + 2 - 2*v - v**2 - v. Determine n(-6).
14
Suppose -21 = l + 5*n, 0 = 2*n - n + 5. Let h(d) = 2 - 2*d**2 + 55*d**3 - 6 + l*d - 54*d**3 - 2*d**2. What is h(4)?
12
Let m(q) = -q**2 - 6*q - 3. Suppose -3*h + 5*a = 13, -3*h + 0*h = -a + 17. Determine m(h).
-3
Let r(f) = -5*f**3 - 12*f**2 - 2*f - 20. Let s(x) = x**3 + x**2 - x + 3. Let p(o) = r(o) + 4*s(o). What is p(-7)?
-15
Suppose 0*a = -a - 2. Let c be 0 + 2 + a + 0. Suppose 0 = -d - 3*q - 5, -3*d + 2*q - 8 - 7 = c. Let f(y) = y**3 + 4*y**2 - 6*y + 6. Calculate f(d).
11
Let u(f) be the first derivative of f**4/4 + f**3 - f**2/2 - 3*f - 48. Let s(w) = 31*w**3 + w. Let o be s(1). Suppose 3*m = 12, 4*k - 3*m = 2*m - o. Give u(k).
0
Let q(h) be the third derivative of -h**4/8 - h**3/2 - 22*h**2 - 4. Calculate q(4).
-15
Let x(y) = 7 + 2*y - 6 - y**2 + 0 + 7*y**2 + 1. Give x(-1).
6
Let t(z) = -2*z + 8. Let b = -24 - 0. Let r be b/(-3)*(-1 + 2). Calculate t(r).
-8
Let a(f) = -17*f**2 + 1. Let x be ((-3)/60)/((-7)/140). Calculate a(x).
-16
Let r(m) = 4*m**2 + 35*m - 50. Let b(i) = i**2 + 9*i - 12. Let l(z) = -9*b(z) + 2*r(z). Give l(-6).
38
Let o(x) be the third derivative of -19*x**6/60 + x**5/30 + x**4/24 + 15*x**2 + 11*x. Give o(-1).
39
Let k(x) = x + 4. Let d be k(-7). Let h = d + 5. Let g(z) = 2*z + z - 4*z + 3*z**h + 1 + z**2. Give g(-2).
19
Let n(s) = 13*s**3 + 2*s**2 - 1. Let d = 131 - 132. Calculate n(d).
-12
Suppose -42 = -4*j + 3*s - 50, -5*j - 37 = 3*s. Let f(p) = -p**2 - 8*p - 4. Calculate f(j).
11
Let r(c) be the second derivative of -c**3/2 - c**2 - 17*c. Let d = -24 + 21. What is r(d)?
7
Let w(i) = 2*i**2 - 3*i**2 + 9*i + 70 + 0*i**2 - 64. Give w(10).
-4
Let w(f) = 14*f - 3. Let k(u) = -37*u + 9. Let x(c) = -3*k(c) - 8*w(c). Let a be (1 - 6)*(4 - 3). Give x(a).
2
Let x(k) = k**2 + 17*k + 16. Let w be x(-18). Let y(d) = -w*d + 33*d + 5 - 2. Determine y(6).
-3
Let y(p) be the second derivative of -p**3/2 + p. Let j(v) = 13*v - 1. Let f(w) = 2*j(w) + 9*y(w). What is f(-4)?
2
Let y be 4/(-24) + 242/12. Suppose -5*i = 2*n + y, 0 = -i + n + 3 - 14. Let j be (i/(-8))/(4/16). Let t(k) = -k**3 + 4*k**2 - 2*k - 1. Calculate t(j).
2
Let s = -85 - -87. Let p(z) = -s - 22*z**2 + 21*z**2 + 3. What is p(2)?
-3
Suppose 12*g + 9 = -27. Let l(n) = n**2 - 4*n - 3. Give l(g).
18
Let s be (45/25)/(2/10). Suppose u + t - 3 = 0, -u - t + s = -3*t. Let y(k) = 1 + 5*k**2 + k**3 + 4 - 1 - u. Give y(-5).
-1
Let l(u) = 10*u - 79. Let k be l(10). Suppose 9 + k = 15*w. Let z(d) = 4*d. What is z(w)?
8
Let v(c) = c - 49. Let w be v(11). Let h = w - -45. Let d(p) = p**3 - 8*p**2 + 6*p. Give d(h).
-7
Let d(f) be the third derivative of -f**5/60 + f**4/6 - f**3/2 + 3*f**2. Suppose -44 + 68 = 6*p. What is d(p)?
-3
Let t(d) be the third derivative of -d**4/12 + d**3/2 - 12*d**2. Let v = 11 - 5. Give t(v).
-9
Let v(q) = 16 - 11 - 10 - 6*q + 16*q**2 - 15*q**2. Determine v(7).
2
Suppose -3*r + r = -5*b - 10, -5*r + 25 = -4*b. Let s(t) = 11*t + r - 7*t - 1 - 6*t. Calculate s(6).
-8
Let x(g) be the third derivative of -5*g**4/12 + 2*g**3/3 - 71*g**2. What is x(2)?
-16
Let f(d) = d**2 - 5*d + 7. Suppose -4*k = -5*y + y - 32, -4*y - 12 = k. Suppose 14 = 4*p - 2*w, 8*w = -4*p + k*w + 20. Suppose -p*o = o - 25. Calculate f(o).
7
Let u(a) be the third derivative of a**4/8 - 2*a**3/3 + 13*a**2. Let g be 4 - 3 - -3 - 1. Determine u(g).
5
Let u(a) be the first derivative of -1/3*a**3 + 13*a + 1/4*a**4 + 0*a**2 + 20. Calculate u(0).
13
Suppose 5*x = 2*q - 3*q + 7, 4*x = 2*q. Let f(c) = 17 + 13*c**q - 2*c - 9 - 7. What is f(1)?
12
Let q(s) = -5*s - 144. Let x be q(-28). Let z(y) = 24*y - y**2 - 28*y - 1 - 1. Determine z(x).
-2
Let o(c) = 2*c**2 + c + 2. Let y(r) = -7*r**2 + 7*r - 32. Let u(j) = 3*o(j) + y(j). What is u(8)?
-10
Let a(r) = -r + 1. Let c(p) = p**2 - 5*p + 3. Let j(i) = 4*a(i) - c(i). Suppose -2*u = -f - 22 + 23, -3*f - 5*u = 19. Give j(f).
-11
Suppose -7*z = -0*z + 63. Let d(t) = 3*t + 9. Let k(r) = -7*r - 18. Let a(h) = z*d(h) - 4*k(h). Calculate a(4).
-5
Suppose 6*t + 28 = 52. Let z(y) be the first derivative of -y + 7 - 5/3*y**3 - 1/4*y**t - 2*y**2. Calculate z(-3).
-7
Suppose -c = 2*c, -3*c = -3*m - 57. Let p(t) = t + 13. Determine p(m).
-6
Let c(i) = -10*i + 3. Let q = 120 + -106. Suppose 2*r - 5*a = 19, 0*r + 2*a = 4*r - q. Determine c(r).
-17
Suppose -2*v - 8 - 12 = 0. Let n = 16 + v. Let j(p) be the second derivative of -p**4/12 + 7*p**3/6 + 43*p - 1. Determine j(n).
6
Let t = 677 - 676. Let i(w) = 20*w - 2. Give i(t).
18
Let f be (204/16)/(12/16). Let o(w) = -f*w + 7*w + 24*w. What is o(-1)?
-14
Let j = 16 + -7. Suppose 0 = 4*n - 0*v + 2*v - 6, 3*v - j = 0. Let s(h) = -h**3 + h**2 + h - 3. Give s(n).
-3
Let d(v) = v**2 - 3 + 4 + 5 + 2*v + 12*v - 5*v. What is d(-8)?
-2
Let f(r) = 12 + 4*r - 53 - r**3 + 20 + 22 + 7*r**2 - 3*r. Calculate f(7).
8
Suppose 5*a + 4 = -4*m, -53 = 5*m - 5*a - 3. Let h(b) = -6 - b - 2 + 3*b. Give h(m).
-20
Let x(c) = 2*c - 25. Let n(y) = y - 7. Let o(b) = 1. Let j(v) = -n(v) + 5*o(v). Let l(f) = -5*j(f) - 3*x(f). Calculate l(9).
6
Let y(v) = -v**2 + 10. Let u = -1474 - -1474. Determine y(u).
10
Let t(n) = 2*n - 49. Suppose 6*c = 4*b + 7*c - 79, 2*c = 5*b - 115. Give t(b).
-7
Let k(t) = -t**3 + 5*t**2 - 3. Let g be (-2 + 3)/(-1) - -3. Suppose -2 = -q + g. Suppose -q - 1 = -z. What is k(z)?
-3
Let h be 2 + 5/((-15)/9). Let s = h + 3. Suppose 2*d - 16 = -s*d. Let u(r) = r**2 - 8*r + 3. Determine u(d).
-13
Let p(l) be the first derivative of -2*l**3 + 5/2*l**2 + 1/4*l**4 - 6*l + 15. Calculate p(5).
-6
Suppose 5*a + 2*g + 13 = 50, 2*a + 4*g - 18 = 0. Let n(i) = -i + 2. Let b be n(a). Let x(l) = l**2 + 4*l + 4. Give x(b).
9
Let n(i) = i - 5. Suppose g + 26 = -3*p + 111, 5*p - 135 = -3*g. Suppose -c + 6*c - p = 0. Determine n(c).
1
Suppose -6*i + 3 + 9 = 0. Let d(o) = o**i - 8*o + 14 - 5 - 6. Determine d(7).
-4
Let v(y) = y**2 + y - 1. Let c(j) = 7*j**2 + 11*j - 1. Let p(i) = c(i) - 6*v(i). What is p(-4)?
1
Let f(y) = y**2 - 9*y + 9. Suppose 14*o - 7*o - 49 = 0. Give f(o).
-5
Let i(w) = 8*w**2 + 11*w - 4. Let u be i(-2). Let f(y) = -y**2 + 6*y + 2. Determine f(u).
2
Let h(u) = u + 4. Let z be 17/3 + (-1)/(-3). Suppose -3*i = -z*i + 75. Suppose r = -4*r - i. Give h(r).
-1
Suppose 7*l = -l - 248. Let n = l - -20. Let q(p) = -p - 13. Determine q(n).
-2
Let r(v) = -13*v**2 + 6*v - 5. Let w(l) = -21*l**2 + 9*l - 7. Let p(i) = 8*r(i) - 5*w(i). Determine p(2).
5
Let z(a) be the first derivative of -a**2 + 6*a + 109. Suppose -28 = -u - 0*f + 5*f, 0 = -u - 5*f - 12. Give z(u).
-10
Let k = 49 - 47. Let d(u) = -2*u - 3. Let x = -17 + 12. Let j(w) = -9*w - 12. Let i(c) = x*j(c) + 21*d(c). Calculate i(k).
3
Let k be (-11 - -5) + 11 + (4 - 6). Let p(s) = 14*s - 7. Determine p(k).
35
Let y be ((-174)/(-464))/((-10)/8 + 2). Let m(o) be the second derivative of 7*o + y*o**3 + 0 + 5/12*o**4 + 1/20*o**5 + 3*o**2. What is m(-4)?
10
Let u(t) = -4*t**3 + 17*t**2 + 18*t + 6. Let r(l) = -l**3 + 6*l**2 + 5*l + 2. Let q(b) = -7*r(b) + 2*u(b). Calculate q(-8).
-10
Let b(x) = -x**3 - 8*x**2 + 7. Suppose -7*l + 19 + 37 = 0. Suppose l = -10*u + 9*u. Determine b(u).
7
Let g(i) = i. Suppose -4*r - 25 = -5*z, -7 = -4*r - 4*z + 13. Suppose -3*q + 4*n + 0 + 7